late the greatest common factor of h and f.
25
Let y(u) = -u + 1. Let h be y(6). Let c = h + 15. Suppose -4*z + 111 = 3*k - 249, 90 = z + 4*k. Calculate the highest common divisor of z and c.
10
Let v(r) = r**2 + 5*r + 1. Let u(h) = 0 - 3 + 4 - 2. Let o(q) = -5*u(q) + v(q). Let c be o(6). Calculate the highest common divisor of c and 48.
24
Let m = -132 - -163. What is the greatest common factor of m and 527?
31
Suppose g = 4, -5*a + 0*a - g = -69. What is the highest common divisor of a and 52?
13
Suppose -4*o + 80 + 432 = 0. Suppose -96 = -11*m + 8*m. Calculate the greatest common divisor of m and o.
32
Let s(z) = 35*z + 185. Let t be s(-5). What is the greatest common factor of 320 and t?
10
Let o be 7 - (-1 + 6) - -1. Calculate the greatest common divisor of 42 and o.
3
Let b(j) = 3*j**2 + 8*j + 30. Let t be b(-5). Calculate the greatest common divisor of 299 and t.
13
Suppose -100 = -3*a - 2*k + 24, -5*a + 2*k = -212. Suppose -9*j = -2*j - a. What is the greatest common divisor of 2 and j?
2
Suppose -b + 4*x = b - 6, -2*x + 19 = b. Calculate the highest common factor of 253 and b.
11
Let z be 18/(-8)*(-80)/6. Let h(j) = -9*j + 9. Let m be h(-4). Calculate the highest common divisor of m and z.
15
Let k = -13 - -50. Let d be k + -1*(-10)/2. Calculate the greatest common factor of d and 7.
7
Suppose 4*l - 17 + 1 = -4*t, -5*t + 27 = -2*l. Suppose -b + 2*s + 3 = -1, 1 = -2*b - t*s. Let j be 18*(b - 1)/1. What is the highest common divisor of 90 and j?
18
Let r(v) = 3*v**3 - 17*v**2 - 9*v + 31. Let k be r(6). What is the highest common factor of 611 and k?
13
Suppose u - 4*h - 345 = -0*u, -2*h - 345 = -u. Calculate the greatest common divisor of u and 45.
15
Let x(v) = 5*v**2 - 23*v - 10. Let p be x(-10). What is the greatest common divisor of 72 and p?
72
Let f be (4 + -6)/2 + 22. Suppose -5*v + 6*v = 3. Suppose -2*g + f = -v. Calculate the greatest common divisor of g and 48.
12
Let s = -11 - -3. Let v be (-2)/s - (-285)/12. Let w be (20/50)/(1/30). What is the highest common divisor of w and v?
12
Let b be 3 + (-26)/8 - 589/(-4). What is the greatest common divisor of 98 and b?
49
Let m(q) = -q**3 + 6*q**2 - 5*q - 3. Let t = 5 - 1. Let h be m(t). Suppose -170*y + 22743 = 191*y. Calculate the greatest common divisor of h and y.
9
Let a(w) = 44*w**2 + 11*w. Let v be a(-7). Suppose -f + 10*f - v = 0. What is the greatest common divisor of f and 21?
21
Let l = 19 + -15. Suppose -l*x + 75 = -49. Calculate the greatest common factor of 341 and x.
31
Suppose -35 = -3*k - 5*w + 50, 2*k + 2*w = 62. What is the greatest common factor of k and 140?
35
Suppose -5*k = -3*c - 3*k + 3471, 0 = -3*k. What is the greatest common factor of c and 26?
13
Let c(y) be the second derivative of -y + 7/6*y**3 + 0 + 13/2*y**2. Let r be c(6). Calculate the greatest common divisor of 22 and r.
11
Let i(y) = 22*y. Let x be i(2). Suppose -3*l + 286 = -x. Suppose 3*b - 5*b = -20. Calculate the highest common divisor of b and l.
10
Suppose 0*f + f = 0. Suppose -l - 3*l - 2*u + 1010 = f, 535 = 2*l - 5*u. Let n be (-1 - -4) + l/3. Calculate the highest common factor of n and 11.
11
Let w be (4 - 0)/(8/224). What is the greatest common factor of w and 560?
112
Let g = -48 - -98. Let w = 5 + -2. Suppose 34 = w*f - 26. Calculate the greatest common divisor of g and f.
10
Let k be (0 + 2/(-4))/(9/(-1080)). What is the greatest common factor of k and 100?
20
Let v be (-3)/(6/(-2)) + 22. Let w = 48 + v. Suppose -l - 4*i + w = 0, 0 = -5*l + 2*l - 4*i + 245. What is the greatest common divisor of 29 and l?
29
Let p be 1/4 + (-430)/(-8). Let t = p - 44. What is the greatest common factor of t and 15?
5
Suppose 9525 = 7*c + 2518. Calculate the greatest common divisor of c and 455.
91
Suppose -q = 2*j - 0*q - 19, 2*j + 3*q = 25. Suppose 3 = 4*v - 1, 0 = -5*r + 5*v - 10. Let c be (-4)/(4*r/12). What is the highest common divisor of c and j?
4
Let c = 6 + -2. Suppose -5*f - c*j = -186, -2*j = -f + j + 22. Calculate the highest common divisor of f and 272.
34
Let d(k) = 14*k**2 + k - 10. Let i be d(-4). Calculate the greatest common factor of 10 and i.
10
Suppose 0 = -13*d - 241 + 1086. Suppose 2*s = -3*b + 78, 0 = -4*b - 5*s + 140 - 36. Calculate the highest common factor of b and d.
13
Suppose 5*j - 4*y = 221, -9*j + 4*j + 193 = 3*y. Calculate the greatest common divisor of j and 328.
41
Suppose 5*a + 2*c = 8376, -3*a + c - 62 = -5081. What is the greatest common divisor of 18 and a?
18
Let k = -44 + 142. Calculate the highest common divisor of k and 154.
14
Let d(k) be the first derivative of k**3/3 + k**2/2 + 3*k - 13. Let v be d(-4). Calculate the greatest common divisor of v and 75.
15
Let k = -447 - -623. What is the highest common divisor of k and 32?
16
Let a(t) = -26*t - 4. Let b be a(-2). What is the highest common divisor of b and 336?
48
Let a(b) = b - 5. Let q be a(10). Suppose -q*t + 0*x = 2*x + 7, -2*t + x = 10. Let n = 0 - t. Calculate the highest common factor of n and 1.
1
Let c(v) = 2*v - 14. Let z(r) = 3*r**2 + 3*r. Let a be z(3). Suppose a = 2*p + 10. Let d be c(p). Calculate the highest common factor of 6 and d.
6
Let v = 8 + -5. Let n(x) = 7*x**3 - x**2 - 5*x - 3. Let g be n(-2). Let o = g - -80. What is the highest common divisor of o and v?
3
Let n(h) = 5*h**2 + 27*h + 28. Let q be n(-11). What is the highest common factor of q and 12?
12
Let r be (-3)/(-5) - (-8014)/10. Let a be r/8 + 7/(-28). Let o be ((-14)/(-4))/(5/a). What is the greatest common divisor of 28 and o?
14
Let v = 241 + -234. What is the highest common factor of v and 175?
7
Let v = 258 - 255. Let x be (2 - 1)/(1/12). What is the greatest common factor of v and x?
3
Suppose 73*c = 16945 + 50507. What is the highest common divisor of 252 and c?
84
Let f be 19/152 + (-2)/16*-95. Calculate the greatest common factor of f and 972.
12
Let k = 44 + 11. Calculate the highest common factor of k and 11.
11
Suppose -4*h + 5*m + 311 = 0, 0 = -2*h - 0*m - m + 173. Let s = -247 - -259. What is the greatest common factor of s and h?
12
Let p = -9 + 45. Suppose -5*v = -5*s - 30, 0 = 3*s - 0*v - 4*v + 14. Let f be s/2 + 2 - -57. Calculate the highest common factor of f and p.
18
Let y(a) = a**3 - 4*a**2 + 31*a - 81. Let l be y(9). Calculate the greatest common divisor of 134 and l.
67
Suppose 3*q = 6, q = -4*y + 2*y + 2. Let v be 54 - y/(10/5). Let u = 7 + -1. What is the highest common factor of v and u?
6
Let s(h) = -h**2 + 11*h - 9. Let m be s(9). Let p be (39/(-9) + 0)*-3. Let x = -7 + p. Calculate the greatest common divisor of m and x.
3
Let y(i) = -i**3 + 8*i**2 + 6*i + 8. Let t be y(8). Let u = 70 - t. Calculate the highest common factor of u and 7.
7
Let d = -64 - -224. Let u be 0/6 + (-3 - -1). Let w be (-76)/(-4) + u/(-2). Calculate the greatest common divisor of w and d.
20
Let s = -483 + 523. Calculate the greatest common divisor of s and 100.
20
Let h(l) = l + 342. Let r be h(-17). Calculate the highest common factor of r and 65.
65
Let v(d) = -d - 1. Let h be v(-6). Suppose -3*n - 2 - 8 = h*g, -4*g = -n + 8. Suppose 5*o - 6*o + 209 = n. What is the greatest common divisor of o and 19?
19
Suppose 594 = -81*w + 87*w. What is the greatest common divisor of 165 and w?
33
Let i(c) = -11*c - 372. Let s be i(-34). Calculate the greatest common factor of s and 23.
1
Let k(n) = 2*n**2 - 17*n + 12. Suppose 5*s = s - 12, 5*s + 55 = 5*c. Let g be k(c). What is the greatest common divisor of g and 16?
4
Let r be (-4 + 3)*28 - 2. Let z = r + 48. What is the highest common factor of z and 126?
18
Suppose 0 = -10*y + 408 - 8. Let o = -18 + 34. Calculate the greatest common divisor of y and o.
8
Let t(c) = 2*c**2 - 3*c. Let j be t(2). Let h be (0 - 12/j)/2. Let v be (-171)/(-18) - h/2. What is the greatest common divisor of v and 121?
11
Let t be (6/8 - 29/(-4)) + -3. Suppose m - 715 = -t*s, -s - 2*s + 429 = 2*m. What is the highest common divisor of 11 and s?
11
Let g(p) = 66*p**2 - 30*p - 31. Let j be g(-1). Calculate the greatest common divisor of 35 and j.
5
Let c(m) be the second derivative of 2*m**4/3 + m**3/2 - 2*m**2 + 8*m. Let l be c(-3). Suppose 2*p - l = -11. Calculate the greatest common factor of p and 216.
24
Let g be (-10)/(-145) + 298305/261. What is the highest common divisor of g and 9?
9
L